t) = -3*t**2 - t + 3. Determine o(0).
3
Let x(v) = -v**3 - 6*v**2 + 2*v - 8. Give x(-7).
27
Let y(f) = 3*f + 63. Determine y(-16).
15
Let n(o) = 7*o + 10. Determine n(-3).
-11
Let p(n) = -3*n**3 + 31*n**2 - 14*n + 49. Determine p(10).
9
Let g(o) = -o**2 - 9*o + 1. Calculate g(-5).
21
Let x(b) = b**3 - 3*b**2 + b + 2. What is x(2)?
0
Let l(g) = g**2 - 5*g - 15. Calculate l(8).
9
Let g(a) = -a + 21. What is g(18)?
3
Let f(h) = -2*h**3 - 11*h**2 + 2*h + 2. Calculate f(-5).
-33
Let k(u) = -4*u**2 + u - 1. Determine k(1).
-4
Let i(h) = h**2 + h + 13. Calculate i(8).
85
Let o(v) = -141*v + 1405. Calculate o(10).
-5
Let j(c) = -c**2 - 20*c + 189. Give j(-27).
0
Let b(i) = -i**3 - 8*i**2 + 16*i + 55. Determine b(-9).
-8
Let f(i) = -i**3 - 4*i**2 + 2*i - 10. Determine f(-5).
5
Let z(g) = -g**3 + 13*g**2 + 9*g + 1. Determine z(14).
-69
Let h(j) = 18*j - 393. Give h(22).
3
Let x(p) = -2*p**2 + 11*p - 117. What is x(7)?
-138
Let c(v) = -27*v**2 + 2*v + 1. Give c(-1).
-28
Let n(c) = c**2 - 10*c - 8. Calculate n(5).
-33
Let n(o) = -11*o + 17. What is n(9)?
-82
Let h(t) = t**2 + 13*t + 4. Determine h(-8).
-36
Let a(f) = -3*f**2 + 13. What is a(-6)?
-95
Let x(c) = 4*c + 5. What is x(-3)?
-7
Let j(d) = d**3 + 16*d**2 + 46*d - 12. What is j(-12)?
12
Let w(t) = -12*t - 16. Calculate w(-5).
44
Let z(n) = -n**3 - 7*n**2 - 9*n + 9. Calculate z(-5).
4
Let s(o) = o**2 - 7*o - 18. Give s(8).
-10
Let j(t) = t - 4. Determine j(5).
1
Let i(x) = -4*x**2 + 2. Determine i(-2).
-14
Let h(n) = -2*n**2 + 1. What is h(1)?
-1
Let p(w) = -8*w + 16. Calculate p(-5).
56
Let l(g) = 72*g**2 - 4*g - 6. Determine l(-1).
70
Let k(p) = -p**2 + 16*p - 31. What is k(2)?
-3
Let q(d) = -7*d**2 - 4*d - 3. Calculate q(-2).
-23
Let r(a) = -3*a**3 + 2*a + 1. Give r(-1).
2
Let w(h) = -3*h - 65. What is w(-7)?
-44
Let x(l) = -13*l - 21. Give x(3).
-60
Let y(i) = i**3 + 3*i**2 - 4*i + 1. What is y(-4)?
1
Let i(r) = -r**2 + 11*r - 13. Give i(7).
15
Let n(o) = -9*o**3 + o**2 + 3*o - 4. Calculate n(1).
-9
Let i(m) = -m**2 + m + 55. Determine i(7).
13
Let j(v) = 7*v + 6. What is j(-2)?
-8
Let b(i) = -i**3 - 6*i**2 - 3*i + 3. What is b(-6)?
21
Let v(p) = -p**3 - p**2 + 4. Determine v(-3).
22
Let o(m) = -2*m + 20. Calculate o(0).
20
Let v(q) = -q**3 + 12*q**2 - 15*q + 11. Calculate v(11).
-33
Let n(b) = -3*b**3 + 17*b**2 + 9*b - 13. Give n(6).
5
Let k(u) = u**2 + 3*u + 10. Determine k(5).
50
Let h(m) = 13*m + 132. Calculate h(-10).
2
Let a(l) = -l**3 + 22*l**2 - 39*l - 27. What is a(20)?
-7
Let c(w) = w**2 - 2*w - 4. Determine c(5).
11
Let h(o) = -o**2 + 18*o - 15. Give h(14).
41
Let r(l) = l**3 - 27*l**2 - 26*l - 44. What is r(28)?
12
Let b(p) = 51*p + 1. Give b(-1).
-50
Let t(x) = -4*x**2 - x + 1. Give t(2).
-17
Let t(z) = 32*z + 248. Determine t(-6).
56
Let h(p) = -23*p + 43. Calculate h(2).
-3
Let j(i) = -i**2 + 22*i - 61. What is j(19)?
-4
Let l(t) = -t + 29. Give l(21).
8
Let g(s) = 3*s**2 - 12*s - 37. What is g(5)?
-22
Let h(t) = 59*t + 2303. Calculate h(-39).
2
Let i(c) = -8*c + 90. Calculate i(12).
-6
Let d(p) = -13*p - 64. Give d(-5).
1
Let l(d) = -d**2 - 21*d - 79. Give l(-12).
29
Let x(o) = -o**2 - 6. Give x(0).
-6
Let z(p) = -2*p - 6. What is z(-5)?
4
Let j(q) = -4*q**2 - 14*q - 5. Calculate j(-4).
-13
Let v(u) = -u - 7. Calculate v(-6).
-1
Let o(t) = -t + 6. What is o(0)?
6
Let l(a) = -2*a + 22. What is l(-15)?
52
Let k(j) = 2*j**2 - 2*j + 1. Determine k(1).
1
Let a(n) = -47*n**3 - n**2 + n + 1. Calculate a(-1).
46
Let q(c) = -22*c - 1. Determine q(-1).
21
Let o(l) = 2*l**3 + 4*l**2 - 3*l - 5. What is o(-2)?
1
Let u(p) = -p + 2. Calculate u(9).
-7
Let o(v) = v**3 - 15*v**2 - 52*v - 20. Determine o(18).
16
Let b(c) = -5*c - 21. Give b(-7).
14
Let s(o) = o**2 - 18*o + 8. What is s(8)?
-72
Let x(f) = 2*f - 2. Give x(-5).
-12
Let n(j) = j**3 + 24*j**2 + 43*j - 23. What is n(-22)?
-1
Let h(n) = n**3 + 12*n**2 + 17*n + 43. Give h(-10).
73
Let u(n) = -12*n + 179. Determine u(15).
-1
Let t(k) = 9*k**3 + 55*k**2 + 5*k - 1. Determine t(-6).
5
Let p(w) = -22*w + 15. What is p(2)?
-29
Let a(z) = -26*z - 6. Determine a(4).
-110
Let p(v) = 3*v + 33. Give p(-14).
-9
Let o(q) = 2*q - 3. Determine o(6).
9
Let m(a) = a**3 + 4*a**2 + 4. What is m(-3)?
13
Let w(y) = -2*y - 19. Calculate w(-12).
5
Let o(z) = -2*z**2 + 64*z + 6. Calculate o(32).
6
Let h(d) = d**3 + 3*d**2 + 3*d + 8. Give h(4).
132
Let m(h) = 15*h - 18. What is m(7)?
87
Let z(d) = d**3 + 9*d**2 + 7. What is z(-9)?
7
Let d(u) = 5*u - 85. Give d(17).
0
Let z(r) = -r**3 + 2*r**2 + 8*r - 11. Give z(3).
4
Let r(k) = -21*k**2 - 3*k + 4. Calculate r(1).
-20
Let r(m) = -14*m - 9. What is r(4)?
-65
Let r(c) = c**2 - 14*c + 21. Determine r(14).
21
Let c(i) = -i**2 + 15*i + 20. Determine c(10).
70
Let u(l) = -7*l**2 - 60*l + 20. Give u(-9).
-7
Let w(v) = -v**2 + 7*v - 3. Determine w(7).
-3
Let i(o) = o**3 - 13*o. Determine i(-4).
-12
Let m(r) = 3*r**2 + 39*r - 35. Give m(-16).
109
Let j(p) = -p - 8. Give j(-19).
11
Let t(k) = -6*k + 48. Give t(7).
6
Let d(r) = 23*r**3 + 2*r - 1. What is d(1)?
24
Let k(z) = z**3 + 22*z**2 + 22*z + 10. Determine k(-21).
-11
Let c(x) = -16*x**3 + x**2 - 2*x + 2. Determine c(1).
-15
Let k(j) = -j**2 - 18*j - 19. Give k(-17).
-2
Let f(q) = -q**3 + 5*q**2 - 4*q + 24. Determine f(5).
4
Let q(x) = x**3 - 16*x**2 + 25*x + 1. Determine q(14).
-41
Let s(p) = 4*p**2 - 33*p - 31. What is s(9)?
-4
Let q(b) = 54*b - 2. Calculate q(0).
-2
Let x(t) = -18*t - 485. What is x(-27)?
1
Let r(i) = -12*i - 2. Determine r(-3).
34
Let w(s) = s**3 + 5*s**2 + 3*s - 6. What is w(4)?
150
Let z(u) = u**2 - 12*u + 36. Give z(7).
1
Let q(p) = 2*p + 32. Give q(-11).
10
Let c(d) = -d**3 - 9*d**2 + 9*d - 5. Determine c(-10).
5
Let d(h) = -3*h**3 + 2*h**2 + 2*h + 2. What is d(-1)?
5
Let m(x) = -x**3 + 8*x**2 + x - 13. Determine m(8).
-5
Let n(y) = y**2 + 14*y + 35. Determine n(-11).
2
Let t(z) = -8*z. What is t(-3)?
24
Let a(k) = -k**3 + 10*k - 1. Give a(4).
-25
Let r(u) = 6*u - 82. Calculate r(13).
-4
Let c(z) = z**2 - 3*z - 1. Calculate c(5).
9
Let s(j) = -3*j**3 - 6*j - 8. Give s(0).
-8
Let y(g) = -53*g + 366. Give y(7).
-5
Let m(l) = 2*l**2 + 46*l + 250. Give m(-9).
-2
Let a(i) = -i**2 + 19*i + 53. Determine a(22).
-13
Let w(s) = 26*s - 1473. Give w(57).
9
Let v(h) = 5*h**2 + 6*h + 9. Calculate v(-5).
104
Let h(p) = 6*p - 47. Calculate h(7).
-5
Let f(z) = 10*z + 24. Calculate f(8).
104
Let x(n) = n**3 + 33*n**2 + 31*n - 61. Give x(-32).
-29
Let i(t) = -2*t - 1. Determine i(6).
-13
Let l(d) = d**3 + 9*d**2 + 24*d + 50. Determine l(-7).
-20
Let o(f) = f**2 - 23*f + 87. What is o(18)?
-3
Let o(h) = 14*h - 93. What is o(10)?
47
Let q(o) = -3*o**3 + 27*o**2 + 9*o - 13. Calculate q(9).
68
Let a(d) = -2*d**2 - 29*d + 64. Determine a(-16).
16
Let x(w) = -w**2 + 5*w + 3. Calculate x(6).
-3
Let p(k) = 2*k**3 - 2*k - 1. Determine p(-1).
-1
Let i(k) = k**3 - 5*k**2 - 8*k + 9. Give i(6).
-3
Let k(b) = 2*b**2 + 4*b + 4. Determine k(-4).
20
Let z(x) = -x**3 + x**2 + 3*x - 1. Calculate z(2).
1
Let j(a) = a**2 - 24*a + 47. Give j(21).
-16
Let f(p) = -3*p**2 + 1. Determine f(-1).
-2
Let k(g) = -g**3 + 8*g**2 - 10*g - 28. Give k(6).
-16
Let i(a) = -a - 32. Determine i(-27).
-5
Let o(t) = t**2 + 5*t + 5. Give o(-6).
11
Let i(x) = 3*x**2 + x + 1. Give i(-3).
25
Let c(i) = -14*i - 106. Give c(-9).
20
Let s(i) = -i + 2. What is s(-8)?
10
Let j(d) = d**3 + 6*d**2 - 2*d - 11. Give j(-6).
1
Let q(h) = h**3 - 8*h**2 + 6*h - 5. Calculate q(7).
-12
Let g(b) = b**3 + 4*b**2 - 10*b - 57. What is g(-4)?
-17
Let t(i) = -i**2 - 7*i + 11. What is t(4)?
-33
Let w(d) = d**2 - 12*d - 6. Give w(10).
-26
Let o(t) = 4*t + 100. Determine o(-25).
0
Let k(p) = 2*p**2 + 23*p + 10. Determine k(-10).
-20
Let i(k) = 2*k**3 - 9*k**2 + 8*k - 5. What is i(3)?
-8
Let s(f) = -f**3 + 2*f**2 + 5*f - 1. Calculate s(4).
-13
Let p(i) = i**2 + 17*i + 26. Give p(-14).
-16
Let k(d) = -4*d**3 + d. Give k(-1).
3
Let l(p) = -2*p**2 + 7*p + 4. Calculate l(3).
7
Let s(a) = -a**3 + 10*a**2 - 14*a - 19. Give s(8).
-3
Let r(z) = 5*z**2 + 27*z - 15. Give r(-6).
3
Let c(w) = -7*w + 1. Calculate c(-1).
8
Let p(g) = -g**2 + 11*g + 6. Give p(11).
6
Let t(g) = -g**3 + 11*g**2 + 14*g - 29. What is t(12)?
-5
Let i(h) = 3*h**2 - 6*h + 8. Determine i(4).
32
Let s(c) = 10*c - 145. What is s(13)?
-15
Let d(v) = 3*v**3 - v**2 + 4*v